{"id":73,"date":"2010-09-03T18:49:35","date_gmt":"2010-09-03T18:49:35","guid":{"rendered":"http:\/\/mksmos.sosnowiec.pl\/TEST\/?page_id=73"},"modified":"2026-03-15T10:03:54","modified_gmt":"2026-03-15T10:03:54","slug":"szs-2","status":"publish","type":"page","link":"https:\/\/mos.sosnowiec.pl\/?page_id=73","title":{"rendered":"SZS"},"content":{"rendered":"<p><center><span style=\"font-size: medium;\">SZKOLNY ZWI\u0104ZEK SPORTOWY<\/span><\/center><\/p>\n<table style=\"height: 784px;\" width=\"566\">\n<tbody>\n<tr>\n<td style=\"text-align: center;\"><strong>Zarz\u0105d Miejskiego SZS<\/strong><\/td>\n<td style=\"text-align: center;\"><strong>KONTAKT<\/strong><\/td>\n<\/tr>\n<tr>\n<td style=\"text-align: center;\">Prezes :<br \/>\nGa\u0142u\u017cny Daniel<br \/>\nWiceprezes :<br \/>\nPietrasiak Mariusz<br \/>\nWiceprezes :<br \/>\nKonieczna Ewa<br \/>\nCz\u0142onkowie :Rotko Piotr<br \/>\nMiko\u0142ajek Rados\u0142aw<br \/>\nSzewczyk Jacek<br \/>\nBor\u00f3wka Robert<\/p>\n<p>Komisja Rewizyjna<br \/>\nPrzewodnicz\u0105cy :<br \/>\nKrawczyk S\u0142awomir<br \/>\nZ-ca przewodnicz\u0105cego : Struzik Robert<br \/>\nSekretarz:\u00a0G\u00f3recka Ma\u0142gorzata<\/td>\n<td style=\"text-align: center;\">&#8222;SZKOLNY ZWI\u0104ZEK SPORTOWY&#8221;CKZiU Technikum nr 4 Transportowe<br \/>\nul. Kili\u0144skiego 31<br \/>\n41-200 SOSNOWIEC<br \/>\ntel. (0-32) 266-07-34Nr konta MSZS: \u00a0<strong>80 1050 1360 1000 0023 6361 1217<\/strong><\/p>\n<p>Dy\u017cur Prezesa<br \/>\nczwartek w godz. 14.00 &#8211; 15.00<br \/>\ntelefon 663759090<br \/>\nsekretarzmszs@interia.eu<\/td>\n<\/tr>\n<\/tbody>\n<\/table>\n<ul>\n<li><a class=\"more1\" href=\"http:\/\/mksmos.sosnowiec.pl\/?page_id=1156\">Zarys Dziej\u00f3w Szkolnego Zwi\u0105zku Sportowego<\/a><\/li>\n<li><a class=\"more1\" href=\"http:\/\/mksmos.sosnowiec.pl\/?page_id=1154\">Organizacja Imprez Sportowych Dla Dzieci I M\u0142odzie\u017cy<\/a><\/li>\n<li><a class=\"more1\" href=\"http:\/\/mksmos.sosnowiec.pl\/?page_id=1152\">Plan dzia\u0142ania<\/a><\/li>\n<li><a href=\"http:\/\/mksmos.sosnowiec.pl\/wp-content\/uploads\/2015\/04\/szs_wychownie.pdf\">Wychowanie Fizyczne I Sport Szkolny W Aspekcie Dydaktycznym, Wychowawczym I Zdrowotnym &#8211; J.Karbowski <\/a><\/li>\n<li><a href=\"http:\/\/mos.sosnowiec.pl\/wp-content\/uploads\/2018\/09\/Klauzula-informacyjna-MSZS-w-Sosnowcu.pdf\">Klauzula informacyjna MSZS w Sosnowcu<\/a><\/li>\n<li><a href=\"https:\/\/mos.sosnowiec.pl\/wp-content\/uploads\/2024\/08\/Standardy-ochrony-maloletnich-MSZS-2024.pdf\">Standardy ochrony maloletnich MSZS<\/a><\/li>\n<\/ul>\n","protected":false},"excerpt":{"rendered":"<p>SZKOLNY ZWI\u0104ZEK SPORTOWY Zarz\u0105d Miejskiego SZS KONTAKT Prezes : Ga\u0142u\u017cny Daniel Wiceprezes : Pietrasiak Mariusz Wiceprezes : Konieczna Ewa Cz\u0142onkowie :Rotko Piotr Miko\u0142ajek Rados\u0142aw Szewczyk Jacek Bor\u00f3wka Robert Komisja Rewizyjna Przewodnicz\u0105cy : Krawczyk S\u0142awomir Z-ca przewodnicz\u0105cego : Struzik Robert Sekretarz:\u00a0G\u00f3recka Ma\u0142gorzata &#8222;SZKOLNY ZWI\u0104ZEK SPORTOWY&#8221;CKZiU Technikum nr 4 Transportowe ul. Kili\u0144skiego 31 41-200 SOSNOWIEC tel. (0-32) [&hellip;]<\/p>\n","protected":false},"author":17,"featured_media":0,"parent":0,"menu_order":0,"comment_status":"open","ping_status":"open","template":"","meta":{"footnotes":""},"class_list":["post-73","page","type-page","status-publish","hentry"],"_links":{"self":[{"href":"https:\/\/mos.sosnowiec.pl\/index.php?rest_route=\/wp\/v2\/pages\/73","targetHints":{"allow":["GET"]}}],"collection":[{"href":"https:\/\/mos.sosnowiec.pl\/index.php?rest_route=\/wp\/v2\/pages"}],"about":[{"href":"https:\/\/mos.sosnowiec.pl\/index.php?rest_route=\/wp\/v2\/types\/page"}],"author":[{"embeddable":true,"href":"https:\/\/mos.sosnowiec.pl\/index.php?rest_route=\/wp\/v2\/users\/17"}],"replies":[{"embeddable":true,"href":"https:\/\/mos.sosnowiec.pl\/index.php?rest_route=%2Fwp%2Fv2%2Fcomments&post=73"}],"version-history":[{"count":74,"href":"https:\/\/mos.sosnowiec.pl\/index.php?rest_route=\/wp\/v2\/pages\/73\/revisions"}],"predecessor-version":[{"id":14800,"href":"https:\/\/mos.sosnowiec.pl\/index.php?rest_route=\/wp\/v2\/pages\/73\/revisions\/14800"}],"wp:attachment":[{"href":"https:\/\/mos.sosnowiec.pl\/index.php?rest_route=%2Fwp%2Fv2%2Fmedia&parent=73"}],"curies":[{"name":"wp","href":"https:\/\/api.w.org\/{rel}","templated":true}]}}